-16 + 12 - (1 + (7 - -2))?
-14
What is -52 - -15 - (-30 + 18)?
-25
What is (-1 - 3) + -12 + 6 - 5?
-15
Evaluate (69 - 84) + 2 + 16.
3
What is the value of (6 - 2) + 11 + -13 + -5 - -16?
13
Evaluate (-6 - (-2 - 0)) + -24 + 25.
-3
Evaluate (7 + -4 - -13) + -8 + -6 + 10.
12
-1 + 30 + (-111 - -46)
-36
What is the value of (-6 - ((1 - -1) + -43 + 4)) + -4?
27
Calculate -6 - (-1 - (11 - -6)).
12
What is -15 + 9 + 19 + -10?
3
Evaluate 16 + 6 + (-49 - -59).
32
What is 1 - 75 - (3357 + -3397)?
-34
Evaluate (49 - 4 - 1) + -14 + 3.
33
Calculate (6 - 9) + -9 + 17 - (-8 + -1).
14
What is the value of 9 - (0 - -3) - 7?
-1
Evaluate 15 + -14 - (-2 - 0).
3
12 - 21 - -17 - (1 - 1)
8
What is the value of 2 - ((-60 - -29) + 48 - (6 - 0))?
-9
(2 - 13) + 7 + -7 - (-16 - 13)
18
(1 + 3 - -14) + (2 - 1)
19
-24 + (3 - -10) + (-14 - (-1 + 2))
-26
What is -2 + -5 - (-7 + -6)?
6
(-19 - -19 - (-1 - 2)) + -7
-4
Evaluate 40 + -31 - (2 + 7) - 1.
-1
What is the value of -3 - -19 - (10 + -12)?
18
What is -6 - (47 + -28) - -27?
2
Evaluate -2 + -11 + -37 + 47.
-3
Calculate -3 + 5 - (534 + -537).
5
What is 65 + -57 - (19 - 3)?
-8
What is the value of -1325 - -1300 - (0 + -22)?
-3
What is (3 - (5 - (2 + 1))) + -3?
-2
Evaluate 22 + (-50 - -21 - 4).
-11
Calculate -9 + -14 + 45 - (15 + -19).
26
What is the value of 7 - 2 - (3 + -11 + -10 + 15)?
8
What is (-4 - 8) + 2 + 4 + 19 + -1?
12
What is the value of -22 + (-22 + 59 - -5)?
20
Calculate -13 - -8 - (-10 - -6).
-1
What is the value of -2 - (18 + -5 + -9)?
-6
What is 28 + -2 + 400 + -429?
-3
(5 - (0 - (-14 - -7))) + 6
4
What is the value of 4 + -15 + -13 + 8 + -2?
-18
0 - 11 - ((63 - 54) + -4)
-16
Calculate (-358 - -335) + (15 - 2 - (2 - 0)).
-12
What is -8 - (3 + (5 + -13 - -10))?
-13
Calculate 1 + -8 - (34 - 34).
-7
What is 19 - (13 + (25 - 19))?
0
What is the value of 4 + -2 + 6 - (1 - (-19 + -2))?
-14
(5 - 21 - -10) + (1 - -14)
9
Evaluate (29 - -7) + (25 - (32 + 10)).
19
What is the value of (32 - 79) + 41 - (-2 - -3)?
-7
Evaluate 15 + (0 - 7) + -1 + -4.
3
Evaluate 18 + -18 + (49 - 40) + 2 + 0.
11
Calculate -27 - 2 - (21 + -10 - 21) - 9.
-28
-8 + 0 + 9 - 7 - (-1 - -4)
-9
Evaluate (9 - 27) + 32 + -29.
-15
(13 - 17) + -3 - (-1 + -5 + -4)
3
What is 10 + (-27 - (13 - 27))?
-3
(-3 + 0 - (-13 + 5 - -5)) + -1
-1
What is 41 + -27 - (3 + (2 - 17)) - 9?
17
What is -6 - (-6 + (7 - (-2 - (-3 + -2))))?
-4
(-1 - (5 - (2 - -5))) + 22
23
What is the value of 2359 - 2371 - (1 - (-10 - 0))?
-23
What is -14 + (-4 - (0 + -31))?
13
What is the value of -16 + 1 + 6 + 3?
-6
Evaluate 40 - (-10 + 26 + 13).
11
What is the value of -154 + 158 - (1 + 4)?
-1
(11 + (-6 - -4) - 11) + -1 + -8
-11
What is 1 + 2 + (-6 - (-7 + 13) - -6)?
-3
(-68 - -73) + (0 - -23 - -2)
30
Calculate -2 + (-5 - -3) + 21.
17
What is the value of (-3 + -9 + 8 - -7) + 1 + -14?
-10
(2 + -2 - -3) + 14 + -19 + 11
9
Calculate (-4 - (-18 - 12)) + -18.
8
Evaluate 26 - -11 - 18 - 15 - -18.
22
What is (-302 - -307) + 0 + -3 + -10?
-8
What is 18 - (6 - 12 - (-2 + -8) - -1)?
13
0 - ((66 - 68) + 3 + -2 + -2)
3
(6 + -4 - 2) + 1 + -4 + 15
12
What is 3 - -17 - (17 - (0 + -14 + 27))?
16
Calculate -1 + 8 + -17 + -6 + 5.
-11
What is the value of (-52 - -30) + 6 + -20 + (-6 - -11)?
-31
What is the value of 5 + (10 - 17) + 10 + 1?
9
Evaluate -2801 + 2812 - (-1 + (-2 - -34)).
-20
Calculate 1 + 10 + (14 - 6) + -16.
3
-6 - (39 + -32 + -8)
-5
What is -15 - (19 - 19) - -3?
-12
What is the value of -156 + 141 - (0 + -18)?
3
Calculate (-8 - -21 - (3 - -23)) + -10.
-23
-1 - ((6 - 1) + -2 + -16 + 14)
-2
2 + (-4 - 6) + 5 + (17 - 2)
12
Calculate -2 + (-3 - -31) + 1.
27
Evaluate 0 + -3 + (-2 + -14 - -14).
-5
-9 + -8 + -9 + 24 - 13
-15
Evaluate -2 + 7 - (9 + (-3 - 12)).
11
4 - (-1 + (-5 - -13)) - 0 - -8
5
Evaluate -2 + -1 + (-2 - (10 - 33)) + 2.
20
Calculate 7 + (4 - 25) + (-17 - -9) + 14.
-8
What is the value of 1 - (4 + (15 - 22))?
4
-9 + 10 + -1 + -5 + 3
-2
What is the value of 8 + (-1 - (0 - 17)) - -2?
26
What is the value of (-1 - 18) + (-15 - -37)?
3
What is the value of -26 + (27 - -1) + 37?
39
What is (-35 - -21 - -11) + -11?
-14
Calculate 7 + (-10 - -6) - (-4 + 12).
-5
What is -1 + -11 + (2 - (-23 - 0))?
13
What is the value of 10 - (10 + 1) - 6?
-7
Evaluate (3 - 6) + 3 + -9.
-9
Evaluate (-77 - -69) + (-25 + 7 - -4).
-22
What is (4 - 3) + (-16 - (-10 + 14)) - 5?
-24
Evaluate 2 - 4 - (-5 + (-2 - -8)) - -10.
7
Calculate 16 + 0 - (3 + -27 - -21).
19
What is 1 - -1 - (14 + (-37 - -26))?
-1
8 - -13 - (32 + -16)
5
-10 + 12 + 17 - 9
10
What is the value of 4 + 11 + (-4 - 10)?
1
-3 + 7 + (-3 - -3) + -6
-2
Calculate (1 - 32) + (-17 - (23 + -56)).
-15
Calculate -43 + (-4 - -32) + -10.
-25
403 - 410 - (-1 + -4)
-2
What is -11 + 3 + 19 + (47 - 85)?
-27
(1 - 2) + 31 + -21 + (-2 - 10)
-3
Calculate 6 + 4 + -2 + -16 + 21.
13
Calculate -8 + (4 - (13 + -11)) + 7.
1
3 + -3 + -3 - (6 - (-1 - 0))
-10
Calculate -4 + ((-2 - -8) + 21 - 7) + 2.
18
(-4 + -1 - -1) + (-73 - -60)
-17
-22 + 12 - -16 - -15
21
Evaluate -97 - -113 - (0 - -8).
8
0 + 6 + -4 - 12
-10
What is -12 + 14 + -2 + 8 + 13?
21
What is the value of (15 - 39) + 14 + 16?
6
What is -15 + 12 + 7 + -8 + (-7 - 2)?
-13
What is the value of -4 - (16 - (12 + (-9 - -3)))?
-14
0 + 8 + -18 + (-30 - -25)
-15
What is (-26 - -24 - (21 - 8)) + 22?
7
What is the value of -8 - (-17 + (4 - -13))?
-8
Calculate -22 + -8 + 26 + -3.
-7
Evaluate 28 + -26 + 2 + -1 + 1.
4
What is (-20 - -23) + (1 - (1 - (2 - -1)))?
6
Evaluate 15 + 1 - 28 - (0 + -22) - 13.
-3
What is -12 + (-6 - -9) - 4 - -38?
25
What is the value of 13 + (3 - 14) + 1 + 4 + -21?
-14
17 - ((-1 - -30) + -37)
25
Calculate -2 + 1 - (59 - 75) - -8.
23
(-9 - 24) + -5 + 25
-13
Calculate (-24 - -20) + 26 + -29.
-7
What is the value of (9 - 5 - 10) + 9 - (-25 - -6)?
22
What is the value of -1 - 1 - (6 + -4 + 12 + -12)?
-4
(1 + -20 - (3 + -15 + 0)) + 45
38
What is the value of -28 + 30 + -1 + -3?
-2
9 + 18 - 23 - (-3 + 1) - 35
-29
What is the value of (0 - (12 - (-13 - -11))) + 0 + 5?
-9
What is the value of (-9 + 15 - -3) + -4 - (-1 - -25)?
-19
Calculate 0 - -7 - -3 - (-279 - -294).
-5
What is (-128 - -136) + (-5 - -32)?
35
Evaluate -5434 - -5449 - (1 + (32 - 2)).
-16
Evaluate 15 + -7 - (17 + -2 + -13 + 19).
-13
What is the value of 46 + (0 + -9 - (8 - 2))?
31
Evaluate -14 - (-1 + 0) - 1 - (203 + -195).
-22
(-18 - (-1 - 10)) + 19
12
(0 + -2 - -11 - -5) + 3
17
What is 1058 + -1097 - (-1 - 27)?
-11
23 - (16 - 13) - 12
8
Calculate 6 - (4 + (-12 - (6 + -6))).
14
-1 + 3 + (18 - (-13 + 37))
-4
Calculate -5 + -6 - (-20 + 13) - 14.
-18
Evaluate (3 - -1) + (-5 - (-15 + 9) - 8).
-3
(-19 - -3) + -8 + 3 + 23
2
What is the value of -42 + 19 + 24 + 2 + -11?
-8
What is the value of 24 + -10 + (-5 + 10 - (3 - -9))?
7
What is the value of 5 + (-6 - 5 - -11) - -13?
18
What is (-9 - (1 - (15 - -2))) + -8?
-1
-7 + -12 + 25 - 19
-13
Calculate (1 - 2 - 5 - -8) + 4.
6
(0 - -1) + (4 - 6) - 1
-2
Calculate 36 - 29 - (-7 - 1).
15
-32 - (41 + -29 - 15)
-29
What is the value of -42 - (-8 + -11) - 1?
-24
Evaluate 6 + -25 - (-11 - -2).
-10
Calculate 1026 + -1027 + -2 + -17.
-20
What is (-8 - 1) + (38 - 41) - -15?
3
What is the value of 3 + -6 + 71 + -63?
5
Calculate (1 + -3 - (-2 + 0)) + -28 + 20.
-8
Evaluate 11 - (19 - 2) - (2 + -2).
-6
Calculate -21 + 0 + (30 - 25) + -2.
-18
What is the value of -8 + (0 + (-17 - -10) - -2)?
-13
What is 20 + -3 - (16 - 0) - (2 - -1)?
-2
What is the value of (1 - -1) + (19 - 36) + 21?
6
What is the value of 17 + ((12 - 49) + 19 - -5)?
4
(-10 - -3) + -22 + 10 + 11 + 16
8
Evaluate (19 - (31 - 13)) + 4.
5
What is 11 + (-45 - -10 - (-10 + 0))?
-14
What is 18 + 14 + (-19 - 1) - 19?
-7
Evaluate (-4 - -7 - 2) + 8 + -10.
-1
Calculate 30 - (5 + -1 + 1 + -50 + 54).
21
What is the value of 12 - (16 + 15 + -28)?
9
Evaluate (15 - ((17 - -1) + -16)) + (-3 - -1).
11
Evaluate (1 - 0) + -13 + (87 - 33 - 53).
-11
What is the value of 5 + (27 - 31 - (-1 - 1) - 0)?
3
Evaluate -22 - 2 - (-2 + -37).
15
-7 + 4 + 10 + (0 - (-33 + 15))
25
What is the value of 43 + (6 - (73 + -24))?
0
What is 8 - ((-14 - -4) + 3 - (6 - 13))?
8
Calculate (-19 - -10) + (-2 - -16) - -11.
16
Calculate 3 + -5 + -2 + 6 + (-3 - 0).
-1
What is the value of -27 + (8 - -12) + 0 + 12?
5
What is the value of 6 - (14 - -1) - ((4 - 9) + 5)?
-9
Evaluate -9 + (31 - -6) + -10 + (-6 - 2).
1